he tens digit of (-2)/11 - (-236028)/187?
6
Let t(w) = -w**2 - 10*w + 4. Let s be t(-9). Suppose 0 = 3*a + 5*x + 20 + s, -9 = 4*a - 5*x. What is the units digit of 6*(1 + (-20)/a)?
6
Let h be (1 + -5)/((-2)/3). Let t(n) = -n**2 + 3*n + 4. Let y be t(h). Let f = -13 - y. What is the units digit of f?
1
What is the hundreds digit of 1750/(-6)*((-117)/3)/13?
8
Let c = 0 - -8. Let x(u) be the second derivative of -u**5/20 + 2*u**4/3 + u**3/2 + u**2/2 - 13*u. What is the units digit of x(c)?
5
Let l = -83 + 77. Let d = -1 - l. What is the units digit of d?
5
Let n(m) = -9 + m**2 + 6 + 16 + 4 + 15*m. Let r be n(-14). What is the tens digit of (-664)/(-14) - r/7?
4
Let m be (-2)/5 - 72/45. What is the units digit of (-6)/(-2) + (-20)/m?
3
What is the thousands digit of (0 + -12 - -23) + 1524?
1
Suppose -s - 122 = 62. Let f = -54 - s. What is the units digit of f?
0
Let a(c) = 8*c - 3 + c**2 + 1 + c. What is the tens digit of a(-11)?
2
Let h = 6 - 4. Let o(i) = 7*i**3 + 2*i**2. What is the units digit of o(h)?
4
Let p(l) = l**3 - 4*l**2 - 6*l + 2. Let n be p(5). What is the tens digit of 111 - (-4 + (n - -11))?
0
Suppose 13*j - 88 = 5*j. Let h(i) = 14*i + 8. What is the tens digit of h(j)?
6
Let t(v) = -12 + 2*v - 4*v - v**2 + 2*v**2 + 11. Let f(i) = -3*i - 23. Let p be f(-10). What is the units digit of t(p)?
4
Let w be 18/27*(-27)/(-2). Let v(b) = b - 15. Let o be v(w). What is the tens digit of 4/6*(-99)/o?
1
Let j(r) = 2*r**3 - 4*r**2 + 33*r + 40. What is the thousands digit of j(8)?
1
Suppose -2*n + 4*n = -5*i - 24, 3*i - 3*n + 6 = 0. Let o be -4 - i/(-8)*-2. What is the units digit of 6*o/2*-1?
9
Let x(v) = -55*v**3 + 6*v**2 + 7*v + 1. What is the units digit of x(-2)?
1
Let n(r) = -r + 27. Let w be n(21). What is the tens digit of (-24)/16*(-152)/w?
3
Suppose -4*a - k + 2655 = 0, -4*a + 6*a - 1310 = -4*k. What is the units digit of a?
5
Let q(m) = 24*m - 12. Suppose -5*r - 11 = -46. What is the units digit of q(r)?
6
Let j = 2085 + -1256. What is the hundreds digit of j?
8
Suppose 2*k - 2*c - 40 = 0, 90 = 5*k + 6*c - c. What is the tens digit of k?
1
Suppose -19 + 75 = 14*f. Suppose 0 = f*i - 2*l + l - 685, -4*i - 3*l = -665. What is the hundreds digit of i?
1
Let a = -228 - -706. What is the tens digit of a?
7
Let n = -11 + 22. Suppose -n*f + 10*f + 70 = 0. What is the units digit of f?
0
Suppose -3*o = 5*n - 895, -n - 3*n - 3*o + 719 = 0. Suppose -3*m = m - n. Suppose -m = -3*h + 58. What is the units digit of h?
4
What is the units digit of 7/(1 - 2) - -514?
7
Suppose 0 = -9*t + 14278 - 2002. What is the tens digit of t?
6
Let z = -22 - -16. What is the units digit of (z/(-4) - 1)/((-1)/(-116))?
8
Let s(a) = a**3 + 2*a**2 - 10*a - 4. Let y be s(-4). Suppose 56 = 3*n - 2*z, y*n - 3*z - 94 = -n. What is the units digit of n?
0
Let p(s) = -2 - s**3 - s + 4*s**2 + 5 - 3*s - 2. What is the units digit of p(2)?
1
Let w = -39 - -42. What is the units digit of 0 - (3/3 - w - 92)?
4
Let k(x) = -5*x + 3. Let u be k(-6). What is the units digit of u/(-55) - (-286)/10?
8
Suppose 4*g = 2*g. Let d = 21 + g. What is the units digit of d?
1
Let a = 1772 + -1223. What is the hundreds digit of a?
5
Suppose -5*z = 0, 11 = d + 3*z + 2. Let k = d + 19. What is the units digit of k?
8
Let c(l) = -3 + l - 1 + 3. Let t be c(-8). Let p = t - -14. What is the units digit of p?
5
Let r = 419 + -251. What is the units digit of r?
8
Let b(n) = -169*n - 68. What is the hundreds digit of b(-4)?
6
Suppose y - 2586 = -5*m + 1040, 2*m - 1445 = 5*y. What is the tens digit of m?
2
Let d = -3 - -7. Suppose -d*m - 2*u + 18 = 0, 1 = -m + u + 7. Suppose -m*y + 85 = 15. What is the units digit of y?
4
Suppose -5*z = 2*t - 459, t - 2*z + 6*z - 225 = 0. Suppose -4*v + 4*j = 3*j - 176, -5*v - 3*j = -t. What is the units digit of v?
5
Let c(h) be the second derivative of -h**5/20 - 7*h**4/12 + h**3/3 - 13*h**2/2 - 35*h. What is the hundreds digit of c(-10)?
2
Suppose 2*f + 4 = s, 20 = 4*s - 3*f + 4. Suppose -4*q + 5*v + 217 = 0, -s*v + 0*v + 172 = 4*q. What is the tens digit of q?
4
Let l = -136 - -237. Suppose 0 = -5*p + l + 209. What is the units digit of p?
2
Let f be 5 - 1*(-4)/(-4). Suppose 2*g = f*g. Suppose -3*x + 1 + 2 = g. What is the units digit of x?
1
Let d = 209 - -1636. What is the thousands digit of d?
1
Let w(g) = 397*g - 154. What is the tens digit of w(5)?
3
Suppose -32 = -5*x - 7. Suppose -4*p + 63*q - 62*q + 9 = 0, -2*q = 2. Suppose 3*t - 4*j - 162 = -p*j, -4*j = x*t - 248. What is the tens digit of t?
5
What is the hundreds digit of (-34)/(-391) - 7494/(-46)?
1
Suppose 5*z = -4*x + 7489, 6*z - 10*z + 3*x + 5985 = 0. What is the units digit of z?
7
Let k = 512 + -366. Suppose -n + k + 20 = 2*h, -n - 4*h = -164. What is the hundreds digit of n?
1
Let q(g) = -98*g - 530. What is the tens digit of q(-13)?
4
Let f be 718/4 + 2/4. Suppose -5*z = 4*i - 3*z - 690, 2*z - f = -i. What is the tens digit of i?
7
Let f(y) = -y**2 - 17*y + 42. Let z be f(-19). Suppose z*n + 0*n - 441 = -r, 3*r = -5*n + 546. What is the hundreds digit of n?
1
Suppose -w + 2 = w + 2*z, 4*z = -5*w + 6. Let y be w/(-2) - (4 + -5). Suppose i + 3*i - 84 = y. What is the units digit of i?
1
Suppose 3*v = -v. Suppose 0 = 3*y - 3*m - 6, 4*y + m = -v + 13. Suppose 153 = y*o - 0*o. What is the tens digit of o?
5
Let p(r) = -33*r - 9. Suppose 0 = -11*k + 16 - 60. What is the hundreds digit of p(k)?
1
Suppose 78*a - 81*a + 1236 = 0. What is the units digit of a?
2
Let p = -5227 - -7395. What is the units digit of p?
8
Suppose -475 - 140 = -5*n - 4*y, 2*y + 347 = 3*n. What is the units digit of n?
9
Let h(y) = 113*y**2 - 8*y - 8*y + y**3 - 119*y**2 + 2*y + 22. What is the units digit of h(9)?
9
Let f(y) be the first derivative of y**3/3 + y**2/2 - 7*y - 1. Suppose -3*l - 4 = -5*c + 21, -3*c = -6. What is the units digit of f(l)?
3
Let u(k) = 57*k**3 - k. Let c be (-4)/12*-9 - 2. What is the tens digit of u(c)?
5
Let l(o) be the first derivative of -o**4/4 + 8*o**3/3 + o**2 - 6*o + 1. Suppose 3*m = 3*v + 19 - 10, -25 = -5*v. What is the tens digit of l(m)?
1
Suppose 4*h - 5*h = -6. Suppose -q - 27 = -h*q + 3*y, -5*q = 4*y + 1. Suppose q*r - 37 = 29. What is the tens digit of r?
2
Suppose -5*y + 9552 = 3*b - 6*y, -3*y + 6368 = 2*b. What is the hundreds digit of b?
1
Let m(n) = -90*n - 1. Let c be m(-1). Let x = c - 60. What is the units digit of x?
9
Suppose -4*b - 570 = -5*c, 0 = c + 3*b - 8*b - 135. Suppose c = 13*o - 8*o. What is the units digit of o?
2
Let i(y) = -y**3 - y**2 + 207. Suppose 4*s = -3*k - 8, 5*k = -5*s - 13 + 3. What is the hundreds digit of i(k)?
2
Let s(a) = -68*a + 21. What is the hundreds digit of s(-7)?
4
Let g(j) = -3*j + j - 7 + 2*j**2 - j**2. Let k be g(4). Let x = 18 - k. What is the units digit of x?
7
Suppose -5*c - 3 = -4*a, 2*c = a + 3*c - 3. Suppose -a*j - j = -12. Suppose 4*y - 58 = -2*w, -j*w - 2*y + 128 = -6*y. What is the units digit of w?
1
Let g = -4 - -7. Let b be (g/4)/((-4)/(-16)). Suppose b*t + 204 - 49 = 5*s, 5*s - 5*t - 145 = 0. What is the tens digit of s?
3
Let b(i) = -i**3 - 3*i**2 + i + 3. Let n be b(-3). Suppose -4*o + y + 825 = n, y + 610 = 3*o + 2*y. Suppose 10*g - 5*g = o. What is the tens digit of g?
4
Let f(j) = -j**2 + j + 15. Let g be f(0). Let k be -57*(-25)/g + -3. Let o = k - 55. What is the tens digit of o?
3
Suppose -7*c + 16 = -3*c. Suppose 0 = u - 20 + 6. Suppose -2*a - u + 3 = -b, c*a + 8 = 0. What is the units digit of b?
7
Let z(r) = -2*r**2 + 18*r - 4. Let x be z(5). What is the units digit of 2/(-3) - (-2328)/x?
4
Suppose -2 = l - 3*l - 2*r, 3*l - 2*r - 28 = 0. Suppose 2*g = l*g - 472. Suppose -i = -3*x + i + g, 3*i = 4*x - 158. What is the tens digit of x?
3
Let d(x) = -x**2 - 2*x + 6. Let w be d(2). What is the tens digit of (-742)/(-4) - (1/w + -1)?
8
Suppose -15*g + 12*g = -12. Suppose -3*w + 6*y + 354 = 3*y, 0 = -g*y - 16. What is the hundreds digit of w?
1
Let h = 1664 + -1107. What is the tens digit of h?
5
Let v(h) = 2*h - 9. Let b be v(6). Suppose b*k = d + 2*d - 12, -18 = -2*d - 3*k. Suppose -260 = d*m - 11*m. What is the tens digit of m?
5
Let s be (-560)/9 + 2/9. Let l = 116 + s. What is the tens digit of l?
5
Let k = 363 + 368. What is the units digit of k?
1
Suppose -5*u - 2*f = -35, -u + 5*f = -6*u + 35. Let z(m) = -m**2 - 